{"id":100,"date":"2024-01-17T11:23:35","date_gmt":"2024-01-17T10:23:35","guid":{"rendered":"https:\/\/humanities-sustainability.com\/?page_id=100"},"modified":"2024-02-25T10:06:03","modified_gmt":"2024-02-25T09:06:03","slug":"uvod","status":"publish","type":"page","link":"https:\/\/humanities-sustainability.com\/","title":{"rendered":"\u00davod"},"content":{"rendered":"\n<ol type=\"1\">\n<li>Cie\u013eom IFHS je vykon\u00e1va\u0165 a podporova\u0165 v\u00fdskum v\u00a0oblasti humanitn\u00fdch vied a\u00a0pr\u00edbuzn\u00fdch vedn\u00fdch odborov sleduj\u00fac hodnoty a ciele trvalo udr\u017eate\u013en\u00e9ho rozvoja v\u00a0glob\u00e1lnom kontexte.<\/li>\n\n\n\n<li>&nbsp;V\u00fdsledky v\u00fdskumu implementova\u0165 do soci\u00e1lnej praxe vo v\u0161etk\u00fdch relevantn\u00fdch oblastiach.<\/li>\n<\/ol>\n","protected":false},"excerpt":{"rendered":"","protected":false},"author":1,"featured_media":0,"parent":0,"menu_order":0,"comment_status":"closed","ping_status":"closed","template":"","meta":{"om_disable_all_campaigns":false,"_monsterinsights_skip_tracking":false,"_monsterinsights_sitenote_active":false,"_monsterinsights_sitenote_note":"","_monsterinsights_sitenote_category":0,"footnotes":""},"aioseo_notices":[],"_links":{"self":[{"href":"https:\/\/humanities-sustainability.com\/index.php\/wp-json\/wp\/v2\/pages\/100"}],"collection":[{"href":"https:\/\/humanities-sustainability.com\/index.php\/wp-json\/wp\/v2\/pages"}],"about":[{"href":"https:\/\/humanities-sustainability.com\/index.php\/wp-json\/wp\/v2\/types\/page"}],"author":[{"embeddable":true,"href":"https:\/\/humanities-sustainability.com\/index.php\/wp-json\/wp\/v2\/users\/1"}],"replies":[{"embeddable":true,"href":"https:\/\/humanities-sustainability.com\/index.php\/wp-json\/wp\/v2\/comments?post=100"}],"version-history":[{"count":2,"href":"https:\/\/humanities-sustainability.com\/index.php\/wp-json\/wp\/v2\/pages\/100\/revisions"}],"predecessor-version":[{"id":117,"href":"https:\/\/humanities-sustainability.com\/index.php\/wp-json\/wp\/v2\/pages\/100\/revisions\/117"}],"wp:attachment":[{"href":"https:\/\/humanities-sustainability.com\/index.php\/wp-json\/wp\/v2\/media?parent=100"}],"curies":[{"name":"wp","href":"https:\/\/api.w.org\/{rel}","templated":true}]}}